In base 4, what is 23 + -133?
-110
In base 15, what is -5 - 25d?
-263
In base 4, what is 210232 + 10?
210302
In base 7, what is -1 + 54?
53
In base 16, what is 32 - -2?
34
In base 4, what is -10 - 20022?
-20032
In base 9, what is 87 - 207?
-110
In base 5, what is -4 + 10442?
10433
In base 2, what is 1001101000111101 - 11?
1001101000111010
In base 8, what is -5045 - 2?
-5047
In base 8, what is 35 - -1?
36
In base 11, what is 1 + -1748?
-1747
In base 13, what is -19c + 1?
-19b
In base 10, what is -3 + 1295?
1292
In base 10, what is 811 + 7?
818
In base 4, what is -31 - -1103?
1012
In base 4, what is 31001 - 21?
30320
In base 2, what is 11000110 - -101?
11001011
In base 14, what is 9 - -99?
a4
In base 10, what is 11258 + 3?
11261
In base 13, what is 31c - -1?
320
In base 11, what is 4 - 530?
-527
In base 7, what is 3 + 4511?
4514
In base 11, what is 0 + -18?
-18
In base 3, what is -102 + 1220?
1111
In base 12, what is 259 - 6?
253
In base 5, what is 230 + 1?
231
In base 12, what is 0 + -37?
-37
In base 9, what is 33 + -224?
-181
In base 4, what is -20 + -21101?
-21121
In base 11, what is -1 - -506?
505
In base 15, what is 5 + -2b5?
-2b0
In base 6, what is 33 - -11?
44
In base 16, what is 8 + 115?
11d
In base 16, what is -3d + 1?
-3c
In base 7, what is -14 - 154?
-201
In base 14, what is -3 + -158?
-15b
In base 12, what is 62 + -2?
60
In base 14, what is -21a5 + 4?
-21a1
In base 4, what is 2010 + 11?
2021
In base 12, what is 0 + -273?
-273
In base 15, what is -1c - -5?
-17
In base 9, what is -1776 - -3?
-1773
In base 7, what is 403 + 205?
611
In base 4, what is 3 + -1102?
-1033
In base 3, what is -22112 - -12?
-22100
In base 5, what is 313 - -43?
411
In base 6, what is 20404 - 1?
20403
In base 11, what is 13a - 5?
135
In base 7, what is -152 + 1?
-151
In base 2, what is 1001010 + -100?
1000110
In base 15, what is 19 + -e?
a
In base 7, what is 3421 + 0?
3421
In base 4, what is -221 - -12?
-203
In base 3, what is -111111 + 2?
-111102
In base 3, what is -120210 - -10?
-120200
In base 9, what is 20 - 223?
-203
In base 7, what is -1303 + -5?
-1311
In base 10, what is 5 - -253?
258
In base 6, what is 13 - 15?
-2
In base 16, what is -179 - 0?
-179
In base 2, what is -11001111010000 + -11?
-11001111010011
In base 11, what is -183 + 1?
-182
In base 8, what is -2572 - -2?
-2570
In base 8, what is -4 - 55?
-61
In base 6, what is 202 - 2?
200
In base 8, what is 1220 + 1?
1221
In base 13, what is 30 - -35?
65
In base 4, what is 13022 - -1?
13023
In base 10, what is -5 - -23?
18
In base 13, what is 29 - 5?
24
In base 16, what is -3 + -bd?
-c0
In base 5, what is 4 - -114?
123
In base 15, what is a - -2e?
39
In base 14, what is -28 + -43a?
-464
In base 5, what is 11 - -30?
41
In base 14, what is -4 + d?
9
In base 13, what is 3 - 4?
-1
In base 6, what is 4313 + 11?
4324
In base 3, what is 12 + -210112?
-210100
In base 11, what is 1416 + 5?
1420
In base 15, what is 7 + -32?
-2a
In base 12, what is -1099 + 6?
-1093
In base 12, what is 3 - -32?
35
In base 3, what is 1111 - 12?
1022
In base 9, what is -2378 - 0?
-2378
In base 14, what is 2 - -43?
45
In base 3, what is 1202 - 200?
1002
In base 4, what is 3 + -1122?
-1113
In base 2, what is 111 + -1000?
-1
In base 4, what is 1321 - -12?
1333
In base 16, what is -6469 + -3?
-646c
In base 10, what is -774 + -3?
-777
In base 14, what is 1d - -6?
25
In base 5, what is 0 + -14?
-14
In base 13, what is -111 - 0?
-111
In base 14, what is -a5b + 2?
-a59
In base 11, what is 167 - 3?
164
In base 5, what is -10 - -214?
204
In base 13, what is -3 + -13?
-16
In base 15, what is 4 - 3e?
-3a
In base 15, what is -27 - -7?
-20
In base 5, what is 0 - -24?
24
In base 10, what is 2 + 128?
130
In base 11, what is 3 - -61?
64
In base 6, what is -2 - 1515?
-1521
In base 14, what is 54 - 0?
54
In base 15, what is 43e - b?
433
In base 5, what is -11231 + 0?
-11231
In base 12, what is -b9 - 20?
-119
In base 8, what is -522 + 3?
-517
In base 9, what is 17 - -36?
54
In base 5, what is -4 - -112?
103
In base 2, what is -10010001110 - -11?
-10010001011
In base 2, what is 110000101000 + 100?
110000101100
In base 5, what is 10 + 120?
130
In base 8, what is -600 - -4?
-574
In base 14, what is 6d5 - -2?
6d7
In base 3, what is 112 + 1112011?
1112200
In base 13, what is -2 + -13b8?
-13ba
In base 4, what is 1 - -2011?
2012
In base 4, what is -2120 - 130?
-2310
In base 7, what is 445 + 3?
451
In base 4, what is -1 - 1330?
-1331
In base 5, what is -203 - 41?
-244
In base 8, what is -3 - -410?
405
In base 15, what is -1 + -37?
-38
In base 3, what is -100021222 + 10?
-100021212
In base 12, what is -4976 + 0?
-4976
In base 3, what is -1020 - 111?
-1201
In base 14, what is -1 - 8a1?
-8a2
In base 3, what is 11 + -21?
-10
In base 6, what is -3300 + 4?
-3252
In base 10, what is 21 - -2?
23
In base 6, what is -1 + 10052?
10051
In base 16, what is 59 + -6?
53
In base 5, what is 42 - 14?
23
In base 6, what is 112 + -200?
-44
In base 16, what is -21 + c?
-15
In base 12, what is 4 + 752?
756
In base 11, what is -664 + -5?
-669
In base 14, what is -1306 + 3?
-1303
In base 12, what is 28 - -27?
53
In base 8, what is 0 + -17?
-17
In base 16, what is -24b - -10?
-23b
In base 2, what is -101 + 10001110?
10001001
In base 3, what is -1 - 112?
-120
In base 2, what is 11 + 11111100?
11111111
In base 8, what is -7752 - -3?
-7747
In base 11, what is 5 - 1856?
-1851
In base 6, what is 1355 - -4?
1403
In base 10, what is 4 - -1846?
1850
In base 2, what is 100010 - -10101?
110111
In base 9, what is 41 - 0?
41
In base 10, what is 4 - -633?
637
In base 2, what is 1001 + 101100100?
101101101
In base 10, what is 2 + -1241?
-1239
In base 9, what is -1 + 4071?
4070
In base 10, what is -19 - 6?
-25
In base 15, what is 5 + -32?
-2c
In base 10, what is 174 - 15?
159
In base 3, what is -1111 - -1001?
-110
In base 10, what is 3 + 86?
89
In base 7, what is -335 - 32?
-400
In base 5, what is 41402 + 2?
41404
In base 16, what is eb + 6?
f1
In base 11, what is 1a99 - -2?
1aa0
In base 5, what is 102 + 4?
111
In base 10, what is 21 + -8?
13
In base 5, what is -4 - -2442?
2433
In base 3, what is 1 - -22010002?
22010010
In base 6, what is -2 - 3535?
-3541
In base 11, what is -7 + -631?
-638
In base 2, what is 1001 - -10?
1011
In base 2, what is 101101 - -1100?
111001
In base 14, what is 6 - -1?
7
In base 15, what is 3 + -66?
-63
In base 2, what is 101 + 1111001010?
1111001111
In base 10, what is 60 + -14?
46
In base 2, what is -11 + -111111?
-1000010
In base 4, what is -233 + 1?
-232
In base 13, what is 1 - -5?
6
In base 7, what is 5 - 324?
-316
In base 16, what is 5 + -340?
-33b
In base 4, what is 122133 + 11?
122210
In base 4, what is -21 - -20001?
13320
In base 11, what is 3 - -380?
383
In base 12, what is 2 - 502?
-500
In base 4, what is -1002 - -2?
-1000
In base 11, what is 44 - 3?
41
In base 16, what is d5 + 2?
d7
In base 9, what is -4 + 762?
757
In base 5, what is -2324 + 10?
-2314
In base 5, what is 1 - -1022?
1023
In base 10, what is 261 + 1?
262
In base 5, what is 1334 + 2?
1341
In base 14, what is 1579 + 6?
1581
In base 11, what is 2209 + -4?
2205
In base 16, what is -43 - 0?
-43
In base 5, what is 0 + -21002?
-21002
In base 15, what is -70 - -1?
-6e
In base 11, what is -4 + -25?
-29
In base 8, what is -5 - 1277?
-1304
In base 9, what is 815 + 3?
818
In base 4, what is -2113 - -2?
-2111
In base 16, what is -55 - -3?
-52
In base 9, what is 25 + 8?
34
In base 5, what is 3 + -242?
-234
In base 12, what is 22 - 353?
-331
In base 12, what is -45 + 1?
-44
In base 5, what is -2 - 100242?
-100244
In base 5, what is -44 - -41?
-3
In base 8, what is 4 + -13?
-7
In base 2, what is -10111101 - -1011?
-10110010
In base 2, what is -100 - 100101?
-101001
In base 13, what is -4 - -a?
6
In base 11, what is 6 - 51?
-46
In base 11, what is -7 + 4?
-3
In base 2, what is -10 - -1011?
1001
In base 2, what is -100 - 111000?
-111100
In base 6, what is 32544 - -4?
32552
In base 14, what is -9 + 6bc?
6b3
In base 13, what is -27 - 16?
-40
In base 15, what is -82 + -99?
-12b
In base 10, what is 9 - -195?
204
In base 4, what is 313 + 2?
321
In base 10, what is 22 + 18?
40
In base 6, what is 5 + 150?
155
In base 7, what is -2 + -34512?
-34514
In base 6, what is -32 + -1434?
-1510
In base 3, what is 1002 + -2112?
-11